ue
Let n = 2 - 1. Let k = n - 1. Suppose -w - 5*l + 8 = k, -3*w + l + 10 = 2*l. Is w prime?
True
Let q = 214 + -68. Is q a prime number?
False
Let i(b) = b**2 + 3*b - 1. Suppose 5*w - 4*w = u - 1, 5*u - 17 = 2*w. Let g be -5*2*2/w. Is i(g) a composite number?
True
Let h = -67 + 120. Let r = h - 108. Is 2/(5/(r/(-2))) composite?
False
Let j = -23 - -129. Is j composite?
True
Let x = -24 + 47. Is x a prime number?
True
Let i(n) = n**2 - 3*n + 2. Let p be i(3). Suppose -2*x - p*x = -796. Suppose s + x = 5*l - 0*s, -4*l - 2*s = -148. Is l composite?
True
Let p be (-4)/(-7) - 297/189. Let w(f) be the third derivative of 13*f**5/60 - f**2. Is w(p) a composite number?
False
Let q = -4527 - -6500. Is q a prime number?
True
Let m = 3173 - 1338. Is m composite?
True
Let j be (-45)/(-6)*(-8)/10. Let b(p) = -4*p**2 + 0*p - 4*p - 2*p**2 - 3 - p**3. Is b(j) prime?
False
Suppose -2*o - 6 = -5*x, -o + 3*o + 6 = 2*x. Is -38*(o - (-10)/4) composite?
False
Let m(d) = 84*d + 1. Let t be m(4). Suppose 25 = -8*q + 3*q, -4*q - t = -n. Is n a prime number?
True
Let y(w) = w**3 - 5*w**2 + 2*w - 5. Let v be y(5). Suppose -k + v*k = 0. Suppose 2*b - 193 - 49 = k. Is b a prime number?
False
Suppose -2 = -o + 2*t, 3*o - o = 3*t + 4. Suppose -o*b - 76 = -6*b. Is b composite?
False
Let q be 301/(-35) - (-6)/10. Let k = -5 - q. Suppose 0*p - k*p + 42 = 0. Is p composite?
True
Suppose 17544 = 5*t + l + 4654, -4*t - 5*l = -10312. Is t a prime number?
False
Suppose -14*y - 5185 = -19*y. Is y prime?
False
Suppose -227 + 1503 = 4*u. Let m = -114 + u. Is m a prime number?
False
Let a = 3399 + -2228. Is a a composite number?
False
Let q = 1006 + -447. Is q composite?
True
Suppose -a - w = -636, 0 = -0*a + 5*a + 2*w - 3195. Is a composite?
False
Suppose -2*f - 4*b = -5*f + 1253, 0 = -5*f - 3*b + 2098. Is f composite?
False
Let b(w) = 0*w**2 - w**3 - w + w**2 - 2*w**2. Let c be b(-1). Is 2*(c - (-126)/4) a composite number?
True
Let b(y) = 2*y + 21. Let u be b(-9). Suppose -4*k - 15 = -9*k. Suppose -u*c + 0*c + 93 = -2*w, -k*c + 105 = 2*w. Is c composite?
True
Suppose 0 = -2*x - x + 285. Let a be (-10)/(-6)*(x - -4). Is a/(-12)*(-5 + 1) prime?
False
Let d be (6 - -3)*(-1)/(-3). Let p(z) = -z**3 - 1. Let r be p(-1). Suppose r = 2*f - d*f + 25. Is f prime?
False
Suppose -2*k - 416 = -6*k. Suppose -5*g + 60 = -2*m, 5*g + 44 - k = -m. Suppose 2*u = -u + z + 16, u + z = g. Is u a prime number?
True
Suppose -n - 14 = 4*y, -4*y = 4*n + 3 + 5. Suppose n*w + 0 = 38. Is w prime?
True
Suppose 0 = n - 5 - 5. Is (n + -8)/((-2)/(-89)) composite?
False
Suppose 50 = 8*r - 6*r. Suppose -4*h = -59 - r. Is h composite?
True
Let d(w) = 19*w**2 + w - 1. Let l(p) = -p + 6. Let z be l(5). Let s(n) = -n**2 + 2*n. Let o be s(z). Is d(o) prime?
True
Let u be ((-8)/(-1))/(5 + -3). Suppose -38 = -u*g + 110. Is g a prime number?
True
Let c(q) = -2*q**3 + q**2 + 2 - 3*q**2 - 2*q**3 + q + 5*q**3. Is c(3) a prime number?
False
Let y = 2078 + -1321. Is y a composite number?
False
Let g(f) = -3*f**3 - 7*f**2 + f + 7. Let h be g(-5). Let d = -108 + h. Is d composite?
True
Suppose -s = 3*q - 17, 0*s + 42 = 2*s - 2*q. Suppose 4*m - 832 = -s. Is m prime?
False
Suppose 4*l - 2138 - 730 = 2*f, 2*l + 3*f - 1442 = 0. Is l composite?
True
Suppose 0*f - 50 = -5*f. Let d = -60 - -95. Let z = d - f. Is z composite?
True
Let w(u) = 34*u**2 + 10*u - 9. Let k be w(-10). Suppose -f = -4*f + k. Is f a prime number?
True
Is ((-539 - -5)/(-2))/1 composite?
True
Let b be 12*(1 + 4/(-6)). Suppose -g + 5*f = -94, 0 = b*g - g - 3*f - 282. Is g composite?
True
Suppose 2*p = 4*p - 8. Suppose 3*i - p*u = u + 184, 33 = i + 4*u. Is i a prime number?
True
Suppose -2*h + 18 = -0*h. Suppose 0 = b - 3*i + h, 4*b + 5*i - 26 = 2*b. Is b a composite number?
False
Let u(o) = -265*o - 5. Let k be u(-4). Suppose 3*c + k = 8*c. Is c composite?
False
Let v be 3 + 2 + 3 + 2. Is 4/(-10) - (-1134)/v composite?
False
Let w(s) = -s + 1. Let m be w(-2). Suppose c = 7 - m. Is c/6*(-138)/(-4) a composite number?
False
Let t(b) = -b**3 + 7*b**2 + 5*b - 9. Let l be t(10). Let j = l + 512. Is j a prime number?
False
Suppose 0 = -4*u + 1238 - 362. Suppose 3*z + u = 3*p - 0*p, 0 = 2*p - z - 150. Is p prime?
False
Let w(r) = 4*r**3 + 3*r**2 + 8*r - 2. Let h(o) = 7*o**3 + 7*o**2 + 15*o - 3. Let y(i) = 3*h(i) - 5*w(i). Let b = -17 - -13. Is y(b) prime?
True
Suppose 0 = -x, 2*g - 5*x - 46 = -4*x. Is g prime?
True
Let f be (-2)/(-8) - 41/4. Is f/35 + 102/14 prime?
True
Let o be 62/(-6) - 3/(-9). Let h = 4 + o. Let i(c) = c**3 + 6*c**2 - 4*c - 5. Is i(h) a composite number?
False
Suppose 5*p - 2 - 3 = 0. Let z(a) = 2*a + 4. Let n be z(-9). Is (p + 0)/((-2)/n) a composite number?
False
Let i(w) be the first derivative of -11*w**4/2 + w - 2. Let g be i(-1). Is g - (2 - (4 + 1)) a prime number?
False
Let u(o) = -o**3 - 3*o**2 + 2*o + 2. Let m be u(-3). Let a(c) = 5*c**2 - 3*c + 2. Is a(m) prime?
False
Let j be 2/8 + 454/8. Suppose -4*a + 19 = -j. Is a a composite number?
False
Let i(d) = -39*d - 34. Is i(-9) composite?
False
Let m be 0 + (1*-5)/(-1). Suppose -2*x + a = 3*x - 291, 79 = x + m*a. Is x a composite number?
False
Let p(l) = -4*l - 1. Let v be p(-1). Suppose 0 = 2*y + v*y - j + 4, -3*y - 2 = -j. Is (3 + -40)/(1*y) a composite number?
False
Let p = -240 + 133. Let x = p - -250. Is x prime?
False
Let q(k) = -k**2 - k + 321. Let b be q(0). Is b - (3 - 1/(-1)) a prime number?
True
Suppose -1 = -5*h + 14. Suppose -7 = -t - h. Suppose -t*r + 4*w - w = -44, -3*w = -5*r + 55. Is r composite?
False
Is (-624 + 1)*(2 - 3) prime?
False
Let s(l) = 106*l**3 - 2*l**2 + 1. Let f be s(-1). Suppose -4*t + 257 + 551 = 0. Let z = f + t. Is z a composite number?
True
Let o(m) = -m + 4. Let d be o(2). Let v be d/1 - 0/(-3). Is (-201)/(-15) - v/5 a prime number?
True
Let f = 106 - 62. Suppose r - f = -r. Is r a prime number?
False
Let h(t) = t**2 + 2*t - 5. Let o be h(-4). Suppose 3 = 2*a - 1. Suppose -o*s + 97 = -a*s. Is s a composite number?
False
Is 4/(-14) + 4302/14 a prime number?
True
Let c(p) = 18*p**3 + 3*p**2 + 3*p - 3. Is c(3) composite?
True
Let q = 4483 - -4458. Is q a prime number?
True
Is (3434/2)/(3 + 0 + -2) a composite number?
True
Let y = 161 + -84. Is y a composite number?
True
Suppose -5 + 155 = 2*j. Suppose j = f + 2*f. Suppose i - 35 = -2*q, 3*q + i - f = 5*i. Is q a prime number?
False
Let q(l) = 9*l + 85*l**3 - 7*l**3 - 8*l. Is q(1) a prime number?
True
Is (738/(-27))/(2/(-51)) prime?
False
Suppose 0 = 2*o + 3*u - 5411 - 2991, 3*o - 12603 = -5*u. Is o a prime number?
True
Let x = 15 - 12. Suppose j = -5*r + 123, x*j - r = -2*j + 511. Is j prime?
True
Let b(w) = -3*w - 4. Let y(o) = 4*o - 8. Let x be y(8). Suppose -3*s = 5*g + 30, 0*s - 3*s = -4*g - x. Is b(g) a composite number?
True
Let o be ((-21)/(-6))/((-2)/4). Let s(z) = -z**3 - z**2 - 6*z - 7. Is s(o) a composite number?
True
Let t(f) = f + 11. Let z be t(-11). Suppose -r + q = r, -4*r + q + 2 = z. Is (-1)/(r*3/(-141)) a composite number?
False
Suppose 0*c - 4*c + 3696 = 4*v, 3*v = -c + 2762. Is v composite?
False
Suppose u - 5*b = 5, -2*b - 4 = -4*u + 2*b. Suppose -a + 5*f - 17 = u, 3*f + f - 13 = a. Is a prime?
True
Let y = -2 + 4. Is ((-868)/8)/(-7)*y composite?
False
Let c = 28 + -22. Is c a composite number?
True
Let c(v) = -v**3 + 12*v**2 - 10*v - 8. Let p be c(11). Is p + -3 + 1 - -252 prime?
False
Let v = 127 + -35. Suppose 8*h - v = 4*h. Suppose u - 2*y = h, -69 = -2*u - u - 5*y. Is u composite?
False
Suppose 2 = -d + 3, 4*w - 363 = d. Is w a prime number?
False
Let x(f) = -f**3 - 6*f**2 - 6*f - 2. Let b be x(-5). Suppose -2*q + q = b*z - 274, 5*q + 177 = 2*z. Is z a composite number?
True
Suppose 4*u = 2*p - 44, 0 = -4*p - 4*u + 5*u + 109. Let q be p - ((-2)/2 - -2). Suppose -q - 8 = -5*f. Is f a prime number?
True
Suppose -17 = -4*s - 5, -i + 14 = s. Suppose b - 10 - i = 0. Is 26/(-6)*-1*b prime?
False
Let w(m) = -104*m + 3. Is w(-2) a prime number?
True
Suppose h = 5*v + 140, -2*v = 2 - 4. Is h a composite number?
True
Let a = 7 + -2. Suppose 78 = -3*k + a*k. Is k composite?
True
Suppose -101 = -5*q + 9. Is q a composite number?
True
Let p(z) = -73*z + 2. Let l(k) = k - 1. Let w(s) = l(s) + p(s). Let m(r) = -5*r + 3. Let b be m(1). Is w(b) prime?
False
Let f(u) = -u**2 - 5*u + 8. Let c be f(-7)